{"id":303,"date":"2018-12-06T21:57:32","date_gmt":"2018-12-06T21:57:32","guid":{"rendered":"http:\/\/v2.belle-campagne.be\/?page_id=303"},"modified":"2024-12-02T19:24:57","modified_gmt":"2024-12-02T19:24:57","slug":"tarifs","status":"publish","type":"page","link":"http:\/\/belle-campagne.be\/?page_id=303","title":{"rendered":"Tarifs"},"content":{"rendered":"<h3>Table des Prix par Semaine:<\/h3>\n<p><iframe loading=\"lazy\" style=\"margin-left: 15px;\" src=\"\/ScrollPanel_Tarifs.php\" name=\"PriceTable\" width=\"100%\" height=\"375\"><\/iframe><\/p>\n<p><strong>NOUVEAU\u00a0!!!<\/strong><\/p>\n<p><strong>A partir du 1<sup>er<\/sup> janvier 2025, le prix de location et toutes les charges sont comprises dans la table des prix ci haut <\/strong>\ud83d\ude0a\u00a0:<\/p>\n<p>Le prix affich\u00e9 comprend\u00a0:<\/p>\n<ul>\n<li><strong>Prix de location <\/strong><\/li>\n<li><strong>Consommation\u00a0: <\/strong>Eau, Mazout, Electricit\u00e9<\/li>\n<li><strong>Entretien\u00a0: <\/strong>Maison &amp; Jardin, Piscine\u00a0ext\u00e9rieure priv\u00e9e (en saison)<\/li>\n<li><strong>Taxes de s\u00e9jour, Ordures m\u00e9nag\u00e8res, Gaz, TV Digital, WIFI<\/strong><\/li>\n<li><strong>Mise \u00e0 disposition de Draps de lit et serviettes de toilette <\/strong><\/li>\n<\/ul>\n<p>Offre de prix d\u00e9taill\u00e9e sur demande\u00a0:<\/p>\n<ul>\n<li>Transparence compl\u00e8te sur tous les frais \u221a<\/li>\n<\/ul>\n<p><strong><u>Mode de paiement :<\/u><\/strong><\/p>\n<ul>\n<li><strong>Acompte :\u00a0<\/strong>50% du prix de la location<\/li>\n<li><strong>Solde :\u00a0<\/strong>50% du prix de la location + caution<\/li>\n<\/ul>\n<p><strong><u>Caution : <\/u><\/strong>400\u20ac rendus dans les 10 jours au plus tard<\/p>\n","protected":false},"excerpt":{"rendered":"<p>Table des Prix par Semaine: NOUVEAU\u00a0!!! A partir du 1er janvier 2025, le prix de location et toutes les charges sont comprises dans la table des prix ci haut \ud83d\ude0a\u00a0: Le prix affich\u00e9 comprend\u00a0: Prix de location Consommation\u00a0: Eau, Mazout,&#8230;<\/p>\n","protected":false},"author":1,"featured_media":0,"parent":0,"menu_order":0,"comment_status":"closed","ping_status":"closed","template":"","meta":{"om_disable_all_campaigns":false,"_monsterinsights_skip_tracking":false,"_monsterinsights_sitenote_active":false,"_monsterinsights_sitenote_note":"","_monsterinsights_sitenote_category":0,"_uf_show_specific_survey":0,"_uf_disable_surveys":false,"footnotes":""},"language":[6],"aioseo_notices":[],"_links":{"self":[{"href":"http:\/\/belle-campagne.be\/index.php?rest_route=\/wp\/v2\/pages\/303"}],"collection":[{"href":"http:\/\/belle-campagne.be\/index.php?rest_route=\/wp\/v2\/pages"}],"about":[{"href":"http:\/\/belle-campagne.be\/index.php?rest_route=\/wp\/v2\/types\/page"}],"author":[{"embeddable":true,"href":"http:\/\/belle-campagne.be\/index.php?rest_route=\/wp\/v2\/users\/1"}],"replies":[{"embeddable":true,"href":"http:\/\/belle-campagne.be\/index.php?rest_route=%2Fwp%2Fv2%2Fcomments&post=303"}],"version-history":[{"count":22,"href":"http:\/\/belle-campagne.be\/index.php?rest_route=\/wp\/v2\/pages\/303\/revisions"}],"predecessor-version":[{"id":530,"href":"http:\/\/belle-campagne.be\/index.php?rest_route=\/wp\/v2\/pages\/303\/revisions\/530"}],"wp:attachment":[{"href":"http:\/\/belle-campagne.be\/index.php?rest_route=%2Fwp%2Fv2%2Fmedia&parent=303"}],"wp:term":[{"taxonomy":"language","embeddable":true,"href":"http:\/\/belle-campagne.be\/index.php?rest_route=%2Fwp%2Fv2%2Flanguage&post=303"}],"curies":[{"name":"wp","href":"https:\/\/api.w.org\/{rel}","templated":true}]}}