{"id":318,"date":"2018-12-06T22:14:24","date_gmt":"2018-12-06T22:14:24","guid":{"rendered":"http:\/\/v2.belle-campagne.be\/?page_id=318"},"modified":"2023-08-17T09:45:01","modified_gmt":"2023-08-17T09:45:01","slug":"le-gite","status":"publish","type":"page","link":"http:\/\/belle-campagne.be\/?page_id=318","title":{"rendered":"Le G\u00eete"},"content":{"rendered":"<h4>Vaste et Typique MAISON Ardennaise de tr\u00e8s grand Con<img loading=\"lazy\" decoding=\"async\" class=\"size-medium wp-image-188 alignleft\" src=\"http:\/\/v2.belle-campagne.be\/wp-content\/uploads\/2018\/12\/G15--300x225.jpg\" alt=\"\" width=\"300\" height=\"225\" srcset=\"http:\/\/belle-campagne.be\/wp-content\/uploads\/2018\/12\/G15--300x225.jpg 300w, http:\/\/belle-campagne.be\/wp-content\/uploads\/2018\/12\/G15--768x576.jpg 768w, http:\/\/belle-campagne.be\/wp-content\/uploads\/2018\/12\/G15--1024x768.jpg 1024w, http:\/\/belle-campagne.be\/wp-content\/uploads\/2018\/12\/G15--400x300.jpg 400w, http:\/\/belle-campagne.be\/wp-content\/uploads\/2018\/12\/G15--600x450.jpg 600w, http:\/\/belle-campagne.be\/wp-content\/uploads\/2018\/12\/G15-.jpg 1600w\" sizes=\"(max-width: 300px) 100vw, 300px\" \/>fort<\/h4>\n<p>La maison de vacances est agr\u00e9ment\u00e9e de\u00a0<strong>5 vastes chambres<\/strong>, une\u00a0<strong>grande salle a manger<\/strong>,\u00a0<strong>trois salons<\/strong>\u00a0et un\u00a0<strong>bar<\/strong>.<\/p>\n<p>L\u2019 am\u00e9nagement est de qualit\u00e9 : S<strong>alle de bain<\/strong>, <strong>vaste salle de douche,\u00a03 WC\u2019s, cabine infrarouge en \u00e9pic\u00e9a nordique, Airco Heater.<\/strong><\/p>\n<p><strong>Cuisine enti\u00e8rement \u00e9quip\u00e9e<\/strong>, literie impeccable. Vous jouirez de la chaleur du\u00a0<strong>chauffage central<\/strong>, du charme du feu ouvert dans la\u00a0<strong>chemin\u00e9e en pierre de France<\/strong>\u00a0ou des po\u00eales a bois dans le bar.<\/p>\n<p>Pour le fun, en soir\u00e9e, organisez une partie de\u00a0<strong>babyfoot<\/strong>\u00a0dans le bar.\u00a0<strong>TV digitale, HIFI et WIFI.<\/strong><\/p>\n<p>La propri\u00e9t\u00e9 se compose \u00e0 l\u2019 arri\u00e8re, d\u2019 un grand jardin cl\u00f4tur\u00e9, d\u2019une\u00a0<strong>piscine priv\u00e9e<\/strong>\u00a0et d\u2019un corps de logis ext\u00e9rieur \u00e9quip\u00e9 d\u2019un barbecue. La\u00a0<strong>piscine priv\u00e9e est chauff\u00e9e<\/strong>\u00a0de mai \u00e0 septembre.<\/p>\n<p>PARKING: 3 voitures \u00e0 l\u2019avant de la maison.<\/p>\n<p>Le tr\u00e8s beau jardin entour\u00e9 de haies (400 m<sup>2<\/sup>) est bien expos\u00e9 et b\u00e9n\u00e9fice de l\u2019ensoleillement toute la journ\u00e9e. Depuis la vaste terrasse garnie de fauteuils de jardin, vous y jouissez d\u2019une magnifique vue sur la vall\u00e9e de l&#8217;Aisne.<\/p>\n<p>Les jeux de soci\u00e9t\u00e9 d\u2019int\u00e9rieur et d\u2019ext\u00e9rieur ne sont pas oubli\u00e9s : tennis de table, p\u00e9tanque, badminton, balan\u00e7oire\u2026&#8230;<\/p>\n<ul>\n<li>Certificat PEB :\u00a0<strong>CERTIF-P2-00550<\/strong><\/li>\n<li>Energie primaire : 147081 kWh\/ann\u00e9e<\/li>\n<li>Consommation sp\u00e9cifique : Classe G \/ 626 kWh\/m<sup>2<\/sup>\/ann\u00e9e<\/li>\n<\/ul>\n<p><em><strong style=\"color: red;\">Comme Mormont est un paisible village, le gite n\u2019est pas lou\u00e9 aux groupes de jeunes!<\/strong><\/em><\/p>\n","protected":false},"excerpt":{"rendered":"<p>Vaste et Typique MAISON Ardennaise de tr\u00e8s grand Confort La maison de vacances est agr\u00e9ment\u00e9e de\u00a05 vastes chambres, une\u00a0grande salle a manger,\u00a0trois salons\u00a0et un\u00a0bar. L\u2019 am\u00e9nagement est de qualit\u00e9 : Salle de bain, vaste salle de douche,\u00a03 WC\u2019s, cabine infrarouge&#8230;<\/p>\n","protected":false},"author":1,"featured_media":0,"parent":0,"menu_order":0,"comment_status":"closed","ping_status":"closed","template":"","meta":{"om_disable_all_campaigns":false,"_monsterinsights_skip_tracking":false,"_monsterinsights_sitenote_active":false,"_monsterinsights_sitenote_note":"","_monsterinsights_sitenote_category":0,"_uf_show_specific_survey":0,"_uf_disable_surveys":false,"footnotes":""},"language":[6],"aioseo_notices":[],"_links":{"self":[{"href":"http:\/\/belle-campagne.be\/index.php?rest_route=\/wp\/v2\/pages\/318"}],"collection":[{"href":"http:\/\/belle-campagne.be\/index.php?rest_route=\/wp\/v2\/pages"}],"about":[{"href":"http:\/\/belle-campagne.be\/index.php?rest_route=\/wp\/v2\/types\/page"}],"author":[{"embeddable":true,"href":"http:\/\/belle-campagne.be\/index.php?rest_route=\/wp\/v2\/users\/1"}],"replies":[{"embeddable":true,"href":"http:\/\/belle-campagne.be\/index.php?rest_route=%2Fwp%2Fv2%2Fcomments&post=318"}],"version-history":[{"count":2,"href":"http:\/\/belle-campagne.be\/index.php?rest_route=\/wp\/v2\/pages\/318\/revisions"}],"predecessor-version":[{"id":495,"href":"http:\/\/belle-campagne.be\/index.php?rest_route=\/wp\/v2\/pages\/318\/revisions\/495"}],"wp:attachment":[{"href":"http:\/\/belle-campagne.be\/index.php?rest_route=%2Fwp%2Fv2%2Fmedia&parent=318"}],"wp:term":[{"taxonomy":"language","embeddable":true,"href":"http:\/\/belle-campagne.be\/index.php?rest_route=%2Fwp%2Fv2%2Flanguage&post=318"}],"curies":[{"name":"wp","href":"https:\/\/api.w.org\/{rel}","templated":true}]}}